1
In base 12, what is 21 - 170?
-14b
In base 13, what is c2 + -18?
a7
In base 10, what is 6628 + -4?
6624
In base 7, what is -506 - -5?
-501
In base 12, what is 3 - -16aa?
16b1
In base 8, what is -3 + -1121?
-1124
In base 7, what is 13405 - -5?
13413
In base 11, what is 9 - 5?
4
In base 9, what is 580 + -5?
574
In base 16, what is -3 + -4b9?
-4bc
In base 12, what is -5 + 4b?
46
In base 11, what is -18 - a?
-27
In base 3, what is 0 + -2200?
-2200
In base 3, what is -20 + 201222?
201202
In base 5, what is 342 + 201?
1043
In base 3, what is -11 + -120012?
-120100
In base 10, what is 59 + -3?
56
In base 16, what is 5 - 1d?
-18
In base 4, what is 112 - -131?
303
In base 6, what is 2 + -12143?
-12141
In base 10, what is 3 - -66?
69
In base 5, what is -223 + 440?
212
In base 3, what is -10121100 - -10?
-10121020
In base 3, what is -211 + -12?
-1000
In base 16, what is 1e7 - -1?
1e8
In base 5, what is -110 + 3?
-102
In base 12, what is 26 - -156?
180
In base 6, what is 1 - -5420?
5421
In base 3, what is 121220 + -122?
121021
In base 14, what is c61 + 1?
c62
In base 5, what is 1230 + 11?
1241
In base 7, what is -3006 + -2?
-3011
In base 5, what is 4 - -21243?
21302
In base 9, what is -21 + -25?
-46
In base 13, what is -16b + a?
-161
In base 6, what is 1 + -1133?
-1132
In base 12, what is 6 + -9?
-3
In base 11, what is -1 - -2597?
2596
In base 2, what is -1100001 + 0?
-1100001
In base 7, what is -1 + -16?
-20
In base 3, what is -1120201 + 10?
-1120121
In base 10, what is -893 - 1?
-894
In base 13, what is 41 + -33?
b
In base 3, what is 11 - 1202?
-1121
In base 6, what is 11 - 35?
-24
In base 16, what is -39 - d?
-46
In base 4, what is -12 - 2001?
-2013
In base 9, what is -14 - 6?
-21
In base 7, what is -4 - -12?
5
In base 15, what is 4 - -1?
5
In base 11, what is -2 - 63?
-65
In base 3, what is 10 + -121?
-111
In base 16, what is -320 + 1?
-31f
In base 3, what is -1202 - -21?
-1111
In base 16, what is 9 + 0?
9
In base 2, what is -100 + 1100110100101?
1100110100001
In base 13, what is -1 + -329?
-32a
In base 14, what is 1 + -c52?
-c51
In base 8, what is -106 - -2?
-104
In base 7, what is -32620 - -4?
-32613
In base 12, what is 23 + 55?
78
In base 5, what is -10 - -1104?
1044
In base 9, what is 0 - 80?
-80
In base 5, what is 0 + -133?
-133
In base 14, what is -a5 + -1?
-a6
In base 2, what is 10110111110 - -100?
10111000010
In base 16, what is 3 + -51?
-4e
In base 11, what is 65 - 9?
57
In base 7, what is 353 + 0?
353
In base 9, what is 1048 - 38?
1010
In base 2, what is 10111100 + 1101?
11001001
In base 5, what is -2 + 412?
410
In base 15, what is 4 - 170?
-16b
In base 2, what is -11 - 11101?
-100000
In base 9, what is 7524 - -1?
7525
In base 14, what is -5 + d1?
ca
In base 4, what is 211 - 100?
111
In base 3, what is 10210 - -2000?
12210
In base 13, what is -a7 + -8?
-b2
In base 13, what is -21a - -1?
-219
In base 16, what is -e - 1d?
-2b
In base 11, what is -39a5 - 1?
-39a6
In base 3, what is -1201 + 10?
-1121
In base 2, what is -100101 + -1001000101?
-1001101010
In base 8, what is -3 + 54?
51
In base 6, what is -241 + -13?
-254
In base 15, what is 12 + -27c?
-26a
In base 13, what is -18 + 27?
c
In base 16, what is -f2 + -4?
-f6
In base 6, what is -1521 - -4?
-1513
In base 15, what is 18 + 1c7?
1e0
In base 6, what is -220 - -5?
-211
In base 15, what is 3c3 + 15?
3d8
In base 14, what is 30 + 5d?
8d
In base 7, what is 5 - -60?
65
In base 9, what is -2284 - 0?
-2284
In base 10, what is 22 + -10?
12
In base 9, what is 2 + -76?
-74
In base 5, what is 10 + 1224?
1234
In base 16, what is 1cd9 - -2?
1cdb
In base 14, what is -d8 + -7?
-101
In base 2, what is 101010 + -1010010?
-101000
In base 5, what is -10 + 120442?
120432
In base 6, what is -41 - 24?
-105
In base 9, what is 4233 + 3?
4236
In base 10, what is 2 - 2664?
-2662
In base 12, what is -580 + 15?
-567
In base 6, what is 43 + 310?
353
In base 10, what is 1740 + -6?
1734
In base 7, what is 1154 - 4?
1150
In base 15, what is 3 - -19e?
1a2
In base 3, what is -122 - 1111210?
-1112102
In base 13, what is -336 + 11?
-325
In base 9, what is -1743 - 5?
-1748
In base 15, what is 3d4 + 4?
3d8
In base 10, what is 23 - 159?
-136
In base 5, what is 234 + -13?
221
In base 14, what is 112 + -1?
111
In base 16, what is -32a + 0?
-32a
In base 12, what is -414 + -5?
-419
In base 15, what is 20 + -1c?
3
In base 8, what is -30 - -7?
-21
In base 8, what is 2540 - 5?
2533
In base 5, what is 2200 + 2?
2202
In base 5, what is -3100 - -3?
-3042
In base 9, what is -6 + 230?
223
In base 10, what is 1004 - 0?
1004
In base 14, what is d1 + 0?
d1
In base 13, what is 3c - 14?
28
In base 9, what is 1 - 124?
-123
In base 2, what is -10 + 1001001001?
1001000111
In base 2, what is -1001 - -10101111?
10100110
In base 8, what is 651 - -1?
652
In base 15, what is -a - -30?
25
In base 2, what is 110 + 111100011?
111101001
In base 13, what is -6 + 473?
46a
In base 7, what is 255 + 115?
403
In base 7, what is -2 - 114?
-116
In base 16, what is 21 + 16d?
18e
In base 3, what is -2221 - 0?
-2221
In base 11, what is -2 - -474?
472
In base 8, what is -3 - 1256?
-1261
In base 3, what is 0 - 2001101?
-2001101
In base 12, what is -446 + 4?
-442
In base 5, what is 4 - -24220?
24224
In base 13, what is -3 + -2226?
-2229
In base 4, what is 10 - -13?
23
In base 16, what is 3 + -36?
-33
In base 10, what is 65 - 77?
-12
In base 6, what is -50 - -4?
-42
In base 9, what is -5 + 878?
873
In base 12, what is 0 - -438?
438
In base 5, what is -4 - 44?
-103
In base 10, what is -10 - -67?
57
In base 2, what is -11 + 10101110?
10101011
In base 5, what is 30413 + 1?
30414
In base 11, what is -98 - 25?
-112
In base 12, what is -4 + 803?
7bb
In base 14, what is -2 + 574?
572
In base 5, what is 11 + -1001?
-440
In base 11, what is -5 + 50?
46
In base 11, what is 100 - 14?
97
In base 12, what is -5 - -1293?
128a
In base 15, what is -bd + 3?
-ba
In base 12, what is 7 - 153?
-148
In base 8, what is -4 + -5?
-11
In base 10, what is 564 - 0?
564
In base 3, what is 212202 + 11?
212220
In base 3, what is 12 + 2000?
2012
In base 11, what is 5 + -1392?
-1388
In base 4, what is 10 + 10030?
10100
In base 11, what is -1 + -4?
-5
In base 6, what is 24 + -1?
23
In base 7, what is 2 + -3426?
-3424
In base 9, what is 3 + 4583?
4586
In base 9, what is -1 + -247?
-248
In base 9, what is 331 + -15?
315
In base 9, what is -2648 + -1?
-2650
In base 13, what is -2ca - 0?
-2ca
In base 16, what is -c9 - -5?
-c4
In base 7, what is 146 - -16?
165
In base 3, what is 101122102 + -11?
101122021
In base 9, what is 0 - 135?
-135
In base 12, what is -5 + 10?
7
In base 13, what is 5 - -b?
13
In base 9, what is 33 + -22?
11
In base 11, what is 0 + 1381?
1381
In base 6, what is -25 + 10?
-15
In base 13, what is -a6 - 1?
-a7
In base 13, what is 2 - -49?
4b
In base 16, what is -4 + 7?
3
In base 7, what is 160 - -22?
212
In base 4, what is 12 + 22001?
22013
In base 5, what is -12003 - -1?
-12002
In base 6, what is 33 - -1?
34
In base 2, what is -1100000 + -100?
-1100100
In base 16, what is 731 - 0?
731
In base 10, what is 1 - 26?
-25
In base 9, what is 38 - -50?
88
In base 10, what is 35 + -6?
29
In base 11, what is 162 - 3?
15a
In base 12, what is 22 - 27?
-5
In base 3, what is -102022221 - 0?
-102022221
In base 14, what is 4 + -28?
-24
In base 2, what is -111001110 - 0?
-111001110
In base 14, what is -1 + -52?
-53
In base 14, what is 55 - 3?
52
In base 8, what is 70 - 37?
31
In base 9, what is -1433 - -1?
-1432
In base 12, what is 4 + 382?
386
In base 15, what is 4 + 77?
7b
In base 9, what is 10 + 353?
363
In base 2, what is -10110001 - -101110?
-10000011
In base 16, what is -4 + -7c?
-80
In base 16, what is 12 + -2a?
-18
In base 9, what is -48 - 45?
-104
In base 5, what is 210 + 344?
1104
In base 8, what is 5 - -55?
62
In base 14, what is 1 + -4a2?
-4a1
In base 5, what is 220 + -1?
214
In base 13, what is 7 - -43?
4a
In base 11, what is a7 + -64?
43
In base 2, what is -1 + -110010?
-110011
In base 13, what is 9 + -78?
-6c
In base 16, what is 159d + -3?
159a
In base 7, what is -405 - 314?
-1022
In base 16, what is -6e0 - -5?
-6db
In base 7, what is -43 + 5?
-35
In base 4, what is -1 - -131002?
131001
In base 14, what is -d - -13d?
130
In base 4, what is -300 + -2013?
-2313
In base 12, what is -5 + 16